{"id":177,"date":"2022-12-16T22:46:39","date_gmt":"2022-12-17T01:46:39","guid":{"rendered":"https:\/\/abuela.cl\/?post_type=product&#038;p=177"},"modified":"2024-02-08T17:27:07","modified_gmt":"2024-02-08T20:27:07","slug":"boldo","status":"publish","type":"product","link":"https:\/\/abuela.cl\/index.php\/producto\/boldo\/","title":{"rendered":"Boldo 1 Kg"},"content":{"rendered":"<p>PROPIEDADES<br \/>\nUsos tradicionales:<br \/>\na) uso interno: molestias gastrointestinales y digestiones dif\u00edciles de tipo cr\u00f3nico (dispepsias), laxante suave; protector<br \/>\nhep\u00e1tico y sedante nervioso.<br \/>\nLa infusi\u00f3n se prepara con 1 cucharada para 1 litro de agua hirviendo: beber 1 taza 3 veces al d\u00eda.<br \/>\nb) uso externo: dolores reum\u00e1ticos y neur\u00e1lgicos.<br \/>\nLa misma infusi\u00f3n puede ser usada en ba\u00f1os y cataplasmas.<br \/>\nEfectos: laxante1<br \/>\nsuave, anti-inflamatorio, protector hep\u00e1tico, digestivo.<br \/>\nPrecauciones: no usar en caso de obstrucci\u00f3n de la v\u00eda biliar (ictericia). No se recomienda su administraci\u00f3n oral durante<br \/>\nel embarazo ni en ni\u00f1os menores de 10 a\u00f1os. No usar por periodos prolongados de tiempo ni infusiones demasiado<br \/>\nconcentradas. En pacientes con c\u00e1lculos renales usar s\u00f3lo bajo vigilancia m\u00e9dica.<br \/>\nEstos productos tienen el car\u00e1cter de auxiliares sintom\u00e1ticos y no reemplazan lo indicado por el m\u00e9dico en el tratamiento<br \/>\nde una enfermedad. Al consultar al m\u00e9dico, inf\u00f3rmele que est\u00e1 usando esta hierba medicinal. Evite su preparaci\u00f3n en<br \/>\nutensilios de aluminio.<br \/>\nOtros antecedentes: sus efectos digestivo, hepato-protector y anti-inflamatorio, est\u00e1n avalados por estudios cl\u00ednicos<\/p>\n<p>&nbsp;<\/p>\n","protected":false},"excerpt":{"rendered":"<p>1 Kilo de hierba seca lista para infusi\u00f3n.<\/p>\n","protected":false},"featured_media":180,"comment_status":"open","ping_status":"closed","template":"","meta":[],"product_cat":[36],"product_tag":[],"class_list":["post-177","product","type-product","status-publish","has-post-thumbnail","hentry","product_cat-hierbas"],"_links":{"self":[{"href":"https:\/\/abuela.cl\/index.php\/wp-json\/wp\/v2\/product\/177","targetHints":{"allow":["GET"]}}],"collection":[{"href":"https:\/\/abuela.cl\/index.php\/wp-json\/wp\/v2\/product"}],"about":[{"href":"https:\/\/abuela.cl\/index.php\/wp-json\/wp\/v2\/types\/product"}],"replies":[{"embeddable":true,"href":"https:\/\/abuela.cl\/index.php\/wp-json\/wp\/v2\/comments?post=177"}],"wp:featuredmedia":[{"embeddable":true,"href":"https:\/\/abuela.cl\/index.php\/wp-json\/wp\/v2\/media\/180"}],"wp:attachment":[{"href":"https:\/\/abuela.cl\/index.php\/wp-json\/wp\/v2\/media?parent=177"}],"wp:term":[{"taxonomy":"product_cat","embeddable":true,"href":"https:\/\/abuela.cl\/index.php\/wp-json\/wp\/v2\/product_cat?post=177"},{"taxonomy":"product_tag","embeddable":true,"href":"https:\/\/abuela.cl\/index.php\/wp-json\/wp\/v2\/product_tag?post=177"}],"curies":[{"name":"wp","href":"https:\/\/api.w.org\/{rel}","templated":true}]}}